{"id":90,"date":"2022-02-21T13:20:32","date_gmt":"2022-02-21T12:20:32","guid":{"rendered":"http:\/\/secondhand.bdsm-sklavenmarkt.club\/?page_id=90"},"modified":"2022-02-21T13:20:33","modified_gmt":"2022-02-21T12:20:33","slug":"nutzungsbedingung","status":"publish","type":"page","link":"https:\/\/bdsm-sklavenmarkt.club\/secondhand\/nutzungsbedingung\/","title":{"rendered":"Nutzungsbedingung"},"content":{"rendered":"\n<ul class=\"wp-block-list\"><li>Der Nutzer ist verpflichtet, jede Anzeige in die jeweils passende Kategorie einzustellen und sein jeweiliges Angebot wahrheitsgem\u00e4\u00df und unter Angabe aller relevanten Merkmale und Eigenschaften mit Worten und m\u00f6glichst auch durch aussagekr\u00e4ftige Bilder zu beschreiben. Der Nutzer ist verpflichtet, alle Eingaben sorgf\u00e4ltig zu pr\u00fcfen und nur zutreffende Vorschl\u00e4ge f\u00fcr seine Anzeige zu \u00fcbernehmen.<\/li><li>Das Einstellen von Anzeigen, Texten, Bildern oder sonstigen Inhalten, die gegen gesetzliche Bestimmungen, diese Nutzungsbedingung, Rechte Dritter oder gegen die guten Sitten versto\u00dfen, ist untersagt. Insbesondere ist es verboten, Inhalte einzustellen,<br>1. die gegen urheber-, marken- und wettbewerbsrechtliche Vorschriften oder gegen gesetzliche Bestimmungen zum Jugendschutz versto\u00dfen,<br>2. die gegen die Grunds\u00e4tze  bez\u00fcglich verbotener Inhalte versto\u00dfen, oder<br>3. die unwahren Angaben enthalten oder die sonst irref\u00fchrend sind.<\/li><\/ul>\n","protected":false},"excerpt":{"rendered":"<p>Der Nutzer ist verpflichtet, jede Anzeige in die jeweils passende Kategorie einzustellen und sein jeweiliges Angebot wahrheitsgem\u00e4\u00df und unter Angabe aller relevanten Merkmale und Eigenschaften mit Worten und m\u00f6glichst auch durch aussagekr\u00e4ftige Bilder zu beschreiben. Der Nutzer ist verpflichtet, alle Eingaben sorgf\u00e4ltig zu pr\u00fcfen und nur zutreffende Vorschl\u00e4ge f\u00fcr seine Anzeige zu \u00fcbernehmen. Das Einstellen [&hellip;]<\/p>\n","protected":false},"author":1,"featured_media":0,"parent":0,"menu_order":0,"comment_status":"closed","ping_status":"closed","template":"","meta":{"_bbp_topic_count":0,"_bbp_reply_count":0,"_bbp_total_topic_count":0,"_bbp_total_reply_count":0,"_bbp_voice_count":0,"_bbp_anonymous_reply_count":0,"_bbp_topic_count_hidden":0,"_bbp_reply_count_hidden":0,"_bbp_forum_subforum_count":0,"_uag_custom_page_level_css":"","footnotes":""},"class_list":["post-90","page","type-page","status-publish","hentry"],"yoast_head":"<!-- This site is optimized with the Yoast SEO plugin v27.5 - https:\/\/yoast.com\/product\/yoast-seo-wordpress\/ -->\n<title>Nutzungsbedingung - BDSM Secondhand Portal<\/title>\n<meta name=\"robots\" content=\"noindex, follow\" \/>\n<meta property=\"og:locale\" content=\"de_DE\" \/>\n<meta property=\"og:type\" content=\"article\" \/>\n<meta property=\"og:title\" content=\"Nutzungsbedingung - BDSM Secondhand Portal\" \/>\n<meta property=\"og:description\" content=\"Der Nutzer ist verpflichtet, jede Anzeige in die jeweils passende Kategorie einzustellen und sein jeweiliges Angebot wahrheitsgem\u00e4\u00df und unter Angabe aller relevanten Merkmale und Eigenschaften mit Worten und m\u00f6glichst auch durch aussagekr\u00e4ftige Bilder zu beschreiben. Der Nutzer ist verpflichtet, alle Eingaben sorgf\u00e4ltig zu pr\u00fcfen und nur zutreffende Vorschl\u00e4ge f\u00fcr seine Anzeige zu \u00fcbernehmen. Das Einstellen [&hellip;]\" \/>\n<meta property=\"og:url\" content=\"https:\/\/bdsm-sklavenmarkt.club\/secondhand\/nutzungsbedingung\/\" \/>\n<meta property=\"og:site_name\" content=\"BDSM Secondhand Portal\" \/>\n<meta property=\"article:modified_time\" content=\"2022-02-21T12:20:33+00:00\" \/>\n<meta name=\"twitter:card\" content=\"summary_large_image\" \/>\n<meta name=\"twitter:label1\" content=\"Gesch\u00e4tzte Lesezeit\" \/>\n\t<meta name=\"twitter:data1\" content=\"1\u00a0Minute\" \/>\n<script type=\"application\/ld+json\" class=\"yoast-schema-graph\">{\"@context\":\"https:\\\/\\\/schema.org\",\"@graph\":[{\"@type\":\"WebPage\",\"@id\":\"https:\\\/\\\/bdsm-sklavenmarkt.club\\\/secondhand\\\/nutzungsbedingung\\\/\",\"url\":\"https:\\\/\\\/bdsm-sklavenmarkt.club\\\/secondhand\\\/nutzungsbedingung\\\/\",\"name\":\"Nutzungsbedingung - BDSM Secondhand Portal\",\"isPartOf\":{\"@id\":\"https:\\\/\\\/bdsm-sklavenmarkt.club\\\/secondhand\\\/#website\"},\"datePublished\":\"2022-02-21T12:20:32+00:00\",\"dateModified\":\"2022-02-21T12:20:33+00:00\",\"breadcrumb\":{\"@id\":\"https:\\\/\\\/bdsm-sklavenmarkt.club\\\/secondhand\\\/nutzungsbedingung\\\/#breadcrumb\"},\"inLanguage\":\"de\",\"potentialAction\":[{\"@type\":\"ReadAction\",\"target\":[\"https:\\\/\\\/bdsm-sklavenmarkt.club\\\/secondhand\\\/nutzungsbedingung\\\/\"]}]},{\"@type\":\"BreadcrumbList\",\"@id\":\"https:\\\/\\\/bdsm-sklavenmarkt.club\\\/secondhand\\\/nutzungsbedingung\\\/#breadcrumb\",\"itemListElement\":[{\"@type\":\"ListItem\",\"position\":1,\"name\":\"Startseite\",\"item\":\"https:\\\/\\\/bdsm-sklavenmarkt.club\\\/secondhand\\\/\"},{\"@type\":\"ListItem\",\"position\":2,\"name\":\"Nutzungsbedingung\"}]},{\"@type\":\"WebSite\",\"@id\":\"https:\\\/\\\/bdsm-sklavenmarkt.club\\\/secondhand\\\/#website\",\"url\":\"https:\\\/\\\/bdsm-sklavenmarkt.club\\\/secondhand\\\/\",\"name\":\"BDSM Secondhand Portal\",\"description\":\"Die Seite f\u00fcr BDSM Fetisch Secondhand\",\"publisher\":{\"@id\":\"https:\\\/\\\/bdsm-sklavenmarkt.club\\\/secondhand\\\/#organization\"},\"potentialAction\":[{\"@type\":\"SearchAction\",\"target\":{\"@type\":\"EntryPoint\",\"urlTemplate\":\"https:\\\/\\\/bdsm-sklavenmarkt.club\\\/secondhand\\\/?s={search_term_string}\"},\"query-input\":{\"@type\":\"PropertyValueSpecification\",\"valueRequired\":true,\"valueName\":\"search_term_string\"}}],\"inLanguage\":\"de\"},{\"@type\":\"Organization\",\"@id\":\"https:\\\/\\\/bdsm-sklavenmarkt.club\\\/secondhand\\\/#organization\",\"name\":\"BDSM Secondhand Portal\",\"url\":\"https:\\\/\\\/bdsm-sklavenmarkt.club\\\/secondhand\\\/\",\"logo\":{\"@type\":\"ImageObject\",\"inLanguage\":\"de\",\"@id\":\"https:\\\/\\\/bdsm-sklavenmarkt.club\\\/secondhand\\\/#\\\/schema\\\/logo\\\/image\\\/\",\"url\":\"https:\\\/\\\/bdsm-sklavenmarkt.club\\\/secondhand\\\/wp-content\\\/uploads\\\/2022\\\/09\\\/Banner1-1.png\",\"contentUrl\":\"https:\\\/\\\/bdsm-sklavenmarkt.club\\\/secondhand\\\/wp-content\\\/uploads\\\/2022\\\/09\\\/Banner1-1.png\",\"width\":400,\"height\":197,\"caption\":\"BDSM Secondhand Portal\"},\"image\":{\"@id\":\"https:\\\/\\\/bdsm-sklavenmarkt.club\\\/secondhand\\\/#\\\/schema\\\/logo\\\/image\\\/\"}}]}<\/script>\n<!-- \/ Yoast SEO plugin. -->","yoast_head_json":{"title":"Nutzungsbedingung - BDSM Secondhand Portal","robots":{"index":"noindex","follow":"follow"},"og_locale":"de_DE","og_type":"article","og_title":"Nutzungsbedingung - BDSM Secondhand Portal","og_description":"Der Nutzer ist verpflichtet, jede Anzeige in die jeweils passende Kategorie einzustellen und sein jeweiliges Angebot wahrheitsgem\u00e4\u00df und unter Angabe aller relevanten Merkmale und Eigenschaften mit Worten und m\u00f6glichst auch durch aussagekr\u00e4ftige Bilder zu beschreiben. Der Nutzer ist verpflichtet, alle Eingaben sorgf\u00e4ltig zu pr\u00fcfen und nur zutreffende Vorschl\u00e4ge f\u00fcr seine Anzeige zu \u00fcbernehmen. Das Einstellen [&hellip;]","og_url":"https:\/\/bdsm-sklavenmarkt.club\/secondhand\/nutzungsbedingung\/","og_site_name":"BDSM Secondhand Portal","article_modified_time":"2022-02-21T12:20:33+00:00","twitter_card":"summary_large_image","twitter_misc":{"Gesch\u00e4tzte Lesezeit":"1\u00a0Minute"},"schema":{"@context":"https:\/\/schema.org","@graph":[{"@type":"WebPage","@id":"https:\/\/bdsm-sklavenmarkt.club\/secondhand\/nutzungsbedingung\/","url":"https:\/\/bdsm-sklavenmarkt.club\/secondhand\/nutzungsbedingung\/","name":"Nutzungsbedingung - BDSM Secondhand Portal","isPartOf":{"@id":"https:\/\/bdsm-sklavenmarkt.club\/secondhand\/#website"},"datePublished":"2022-02-21T12:20:32+00:00","dateModified":"2022-02-21T12:20:33+00:00","breadcrumb":{"@id":"https:\/\/bdsm-sklavenmarkt.club\/secondhand\/nutzungsbedingung\/#breadcrumb"},"inLanguage":"de","potentialAction":[{"@type":"ReadAction","target":["https:\/\/bdsm-sklavenmarkt.club\/secondhand\/nutzungsbedingung\/"]}]},{"@type":"BreadcrumbList","@id":"https:\/\/bdsm-sklavenmarkt.club\/secondhand\/nutzungsbedingung\/#breadcrumb","itemListElement":[{"@type":"ListItem","position":1,"name":"Startseite","item":"https:\/\/bdsm-sklavenmarkt.club\/secondhand\/"},{"@type":"ListItem","position":2,"name":"Nutzungsbedingung"}]},{"@type":"WebSite","@id":"https:\/\/bdsm-sklavenmarkt.club\/secondhand\/#website","url":"https:\/\/bdsm-sklavenmarkt.club\/secondhand\/","name":"BDSM Secondhand Portal","description":"Die Seite f\u00fcr BDSM Fetisch Secondhand","publisher":{"@id":"https:\/\/bdsm-sklavenmarkt.club\/secondhand\/#organization"},"potentialAction":[{"@type":"SearchAction","target":{"@type":"EntryPoint","urlTemplate":"https:\/\/bdsm-sklavenmarkt.club\/secondhand\/?s={search_term_string}"},"query-input":{"@type":"PropertyValueSpecification","valueRequired":true,"valueName":"search_term_string"}}],"inLanguage":"de"},{"@type":"Organization","@id":"https:\/\/bdsm-sklavenmarkt.club\/secondhand\/#organization","name":"BDSM Secondhand Portal","url":"https:\/\/bdsm-sklavenmarkt.club\/secondhand\/","logo":{"@type":"ImageObject","inLanguage":"de","@id":"https:\/\/bdsm-sklavenmarkt.club\/secondhand\/#\/schema\/logo\/image\/","url":"https:\/\/bdsm-sklavenmarkt.club\/secondhand\/wp-content\/uploads\/2022\/09\/Banner1-1.png","contentUrl":"https:\/\/bdsm-sklavenmarkt.club\/secondhand\/wp-content\/uploads\/2022\/09\/Banner1-1.png","width":400,"height":197,"caption":"BDSM Secondhand Portal"},"image":{"@id":"https:\/\/bdsm-sklavenmarkt.club\/secondhand\/#\/schema\/logo\/image\/"}}]}},"uagb_featured_image_src":{"full":false,"thumbnail":false,"medium":false,"medium_large":false,"large":false,"1536x1536":false,"2048x2048":false,"hp_square_small":false,"hp_landscape_small":false,"hp_landscape_large":false,"ht_portrait_small":false,"ht_landscape_large":false,"ht_cover_large":false},"uagb_author_info":{"display_name":"Peter","author_link":"https:\/\/bdsm-sklavenmarkt.club\/secondhand\/author\/peter\/"},"uagb_comment_info":0,"uagb_excerpt":"Der Nutzer ist verpflichtet, jede Anzeige in die jeweils passende Kategorie einzustellen und sein jeweiliges Angebot wahrheitsgem\u00e4\u00df und unter Angabe aller relevanten Merkmale und Eigenschaften mit Worten und m\u00f6glichst auch durch aussagekr\u00e4ftige Bilder zu beschreiben. Der Nutzer ist verpflichtet, alle Eingaben sorgf\u00e4ltig zu pr\u00fcfen und nur zutreffende Vorschl\u00e4ge f\u00fcr seine Anzeige zu \u00fcbernehmen. Das Einstellen&hellip;","_links":{"self":[{"href":"https:\/\/bdsm-sklavenmarkt.club\/secondhand\/wp-json\/wp\/v2\/pages\/90","targetHints":{"allow":["GET"]}}],"collection":[{"href":"https:\/\/bdsm-sklavenmarkt.club\/secondhand\/wp-json\/wp\/v2\/pages"}],"about":[{"href":"https:\/\/bdsm-sklavenmarkt.club\/secondhand\/wp-json\/wp\/v2\/types\/page"}],"author":[{"embeddable":true,"href":"https:\/\/bdsm-sklavenmarkt.club\/secondhand\/wp-json\/wp\/v2\/users\/1"}],"replies":[{"embeddable":true,"href":"https:\/\/bdsm-sklavenmarkt.club\/secondhand\/wp-json\/wp\/v2\/comments?post=90"}],"version-history":[{"count":1,"href":"https:\/\/bdsm-sklavenmarkt.club\/secondhand\/wp-json\/wp\/v2\/pages\/90\/revisions"}],"predecessor-version":[{"id":91,"href":"https:\/\/bdsm-sklavenmarkt.club\/secondhand\/wp-json\/wp\/v2\/pages\/90\/revisions\/91"}],"wp:attachment":[{"href":"https:\/\/bdsm-sklavenmarkt.club\/secondhand\/wp-json\/wp\/v2\/media?parent=90"}],"curies":[{"name":"wp","href":"https:\/\/api.w.org\/{rel}","templated":true}]}}